ctors of (-4)/(-14) + 10/(-35) - -8.
2
Suppose 0*j + 4*j = -28. What are the prime factors of 172*((-21)/12)/j?
43
Let i = 3 - -29. What are the prime factors of i?
2
Let g be 4/(-4) - (-4 - -1). Suppose 50 = 3*b + g*b. What are the prime factors of b?
2, 5
Suppose -3*z + 11 = -1. Suppose 3 + 121 = z*j. What are the prime factors of j?
31
Suppose 6*m - 3*m = 75. Suppose -3*u + 0*u = 18. What are the prime factors of (-4)/u + m/3?
3
Suppose -3*i = -0*i - 15. Suppose 0 = -i*u - 5, -5*h + 40 + 24 = u. List the prime factors of h.
13
Suppose 4*d = -0*t - 5*t + 6, -5*t + 2*d = -12. Suppose 20 = t*a - 2*n, -a - 5*n + 10 = -0*n. List the prime factors of a.
2, 5
Suppose -3*p - c = -3*c - 1, 0 = -4*p - 3*c + 24. Suppose p*w = -5*r + 4 + 11, 4*r - 2*w - 34 = 0. What are the prime factors of r?
2, 3
Let j(b) = -b**2 + 7*b + 11. Suppose 3*g + 4 = -2*p, 0 = 2*p - 10*g + 5*g - 12. Suppose 14 = 2*m + 2*o, -2 + p = o. List the prime factors of j(m).
3
Suppose 6*f - 20 = f. Suppose 2*n = -2*b - 4, -3*b - 2*b - 10 = f*n. Let d(s) = -s**3 + s + 5. What are the prime factors of d(n)?
5
Let t(w) be the first derivative of -w**4/4 + 5*w**3/3 + 9*w**2/2 - 7*w - 3. Let a be t(6). Suppose -a = 5*j - 51. What are the prime factors of j?
2
Suppose 5*t - d = -0*t - 15, d = -4*t - 3. Suppose 0*x = 3*x. What are the prime factors of 8 + x + t - 0?
2, 3
List the prime factors of (-7 - -1)/(6/(-9)).
3
Suppose 3*p - 28 = 4*l, 2*p + 6 - 22 = 2*l. Suppose -x = -2*x + p. What are the prime factors of x?
2
Let v be (-18)/(-5) - 15/25. Let g = -3 + v. Suppose g = -5*y + 11 - 1. List the prime factors of y.
2
Let c = 35 - 16. Suppose -v + c = 2. List the prime factors of v.
17
Let k = -8 - -10. Suppose 5*z - 75 = -k*a, -3*a = -0*z + 4*z - 53. Suppose 3*g + z = 4*g. What are the prime factors of g?
17
Let l(z) = 62*z**3 + 4*z**2 + 7*z. Let j(s) = -93*s**3 - 6*s**2 - 11*s. Let g(d) = -5*j(d) - 8*l(d). What are the prime factors of g(-1)?
2, 3, 5
Let p(b) = b - 3. Let f be p(5). Let v be (3 + -1)*6/f. Suppose -1 = -o + v. List the prime factors of o.
7
Let i(o) be the second derivative of 5*o**3/3 - 5*o. What are the prime factors of i(2)?
2, 5
Let k(u) = u**2 - 2*u + 14. What are the prime factors of k(-6)?
2, 31
Let d = -10 - -13. Let f(k) = 7*k**2 - 2*k + 3. Let o(x) = -11*x**2 + 3*x - 4. Let h(y) = 8*f(y) + 5*o(y). List the prime factors of h(d).
2, 5
Let b(w) = -19*w - 9. Let j be b(-3). Suppose 124 + 59 = 5*d - g, d = 4*g + j. What are the prime factors of d?
2, 3
Let i(s) = 19*s**3 + 2*s - 2. List the prime factors of i(1).
19
List the prime factors of 7/(-2 + 122/60).
2, 3, 5, 7
Let i = -5 - 0. Let u = i + 9. Let a = 3 + u. List the prime factors of a.
7
Suppose 14 = -5*o + 34. List the prime factors of o.
2
Suppose 4*c - 5 = 51. Suppose 3*y - 2*y = c. List the prime factors of y/(-77) - (-312)/22.
2, 7
Let v(w) = -4*w - 20. Let p be v(-14). Suppose 4*x + u = 48, p = 3*x + 7*u - 2*u. List the prime factors of x.
2, 3
Let n = -25 + 42. Let g = n + -9. What are the prime factors of g?
2
Let v = 76 + -49. List the prime factors of v.
3
Suppose -45 + 10 = q. What are the prime factors of (-1 + (-4)/(-28))*q?
2, 3, 5
Let v(r) = r**3 + r**2 + r - 2. Let d(i) = -i**2 - 4*i + 2. Let c be d(-4). Let h be v(c). Suppose -3 = -p + h. List the prime factors of p.
3, 5
Suppose -4*g + 211 = 43. List the prime factors of g.
2, 3, 7
Let l = 175 - 79. List the prime factors of l.
2, 3
Suppose 0 = -5*o + o - 416. List the prime factors of (-3)/(-2)*o/(-12).
13
Let a = -151 + 440. List the prime factors of a.
17
Suppose -4*s + 170 = -2*j, 0 = 3*s - 5*s - 4*j + 110. What are the prime factors of s?
3, 5
Let g(k) = 2*k + 3. Let q be 2 + 24/3*1. List the prime factors of g(q).
23
Let q = -12 - -8. What are the prime factors of q/10 - (-384)/10?
2, 19
Suppose 114 + 58 = 5*i + 2*g, 3*i - 2*g = 100. What are the prime factors of i?
2, 17
Suppose 4*p - h = 288, 0*p + 2*p - 2*h - 144 = 0. What are the prime factors of p?
2, 3
Let q(t) = t**2 + t + 5. Let i be q(0). Suppose i*k - l + 1 + 1 = 0, 2*k - 5*l = 13. What are the prime factors of k/(-2)*(-24)/(-3)?
2
Let u(k) = -k**3 - 3*k**2 - 4*k - 3. Let a be u(-2). Let i = 5 + a. What are the prime factors of i?
2, 3
Let m(d) = 2*d**2 - 2*d - 7. Let u be m(3). Suppose -126 = -5*r - 4*p, 0 = u*r - 3*p - p - 134. What are the prime factors of r?
2, 13
Suppose 4*g - 6 = 5*x, -g + 28 = 4*x + 4*g. List the prime factors of -12*((-2)/(-2) - x).
2, 3
Suppose 16 = 2*v - 4*v - 4*k, 3*k + 9 = -3*v. Suppose -h - 4 = -v*h. Suppose -h*n + 36 = -0*n. What are the prime factors of n?
3
Suppose -u + 2*z = 4*z - 4, -2*u - z - 1 = 0. Let f = u - -10. What are the prime factors of f?
2
Let u = 151 - 107. What are the prime factors of u?
2, 11
Suppose 5*f = f + 4*m - 92, 15 = -5*m. Let s = 36 + f. What are the prime factors of s?
2, 5
Let v be (-35)/14*6/(-5). What are the prime factors of (-3)/(-1) - (-3)/v?
2
Suppose -31 - 35 = -2*j. List the prime factors of j.
3, 11
Let o = 62 + -12. List the prime factors of o.
2, 5
List the prime factors of (-469)/(-14) + (-9)/6.
2
Let t(k) be the third derivative of k**6/120 + 3*k**5/20 - k**4/24 - k**3 - 2*k**2. List the prime factors of t(-9).
3
Let v be (-1)/1*(-18 - -3). Let c be 2/(-5) + (-38)/5. Let n = c + v. What are the prime factors of n?
7
Suppose 5*d + 3*c - 102 = c, -54 = -3*d - 3*c. List the prime factors of d.
2, 11
Let a = -3 + 1. Let x be a*1*(-3)/6. Suppose 5*d - 49 = x. What are the prime factors of d?
2, 5
Let n = 66 - 44. Suppose -3*g + n = 7. What are the prime factors of g?
5
Suppose -3*b = -2*j - 106, -4*j + 11 = -3*b + 121. List the prime factors of b.
2, 17
Let b = -6 + 10. Suppose -b*w + 6 = -22. List the prime factors of w.
7
Let v(p) = -p**3 + 7*p**2 - 4*p - 10. List the prime factors of v(6).
2
Let h(t) be the second derivative of -t**5/20 - t**3/6 + t**2/2 - 2*t. List the prime factors of h(-2).
11
Suppose 0 = -3*m - 0*m + 24. List the prime factors of m.
2
Suppose 4*g = y - 2*y + 11, 4*g - 2 = 2*y. List the prime factors of g.
2
List the prime factors of (1/(-3))/(1/(-105)).
5, 7
Suppose -194 = -0*a - 2*a. List the prime factors of a.
97
Let z(p) be the third derivative of 0 - 1/24*p**4 + 0*p + 1/6*p**3 - p**2. List the prime factors of z(-2).
3
Let a(l) = 20*l + 7*l - 8*l - 5. List the prime factors of a(3).
2, 13
Suppose 3*c = -4*o + 7, 4*c - 30 = 2*o + 3*o. Suppose 8 = 2*h + 2*h. Suppose 4*x + 4 = h*f - 0, -c*x + 21 = 4*f. List the prime factors of f.
2
Let x be 0 - (-1 - -1)/2. Suppose x = 5*b - 4*b + 43. Let v = -30 - b. What are the prime factors of v?
13
Suppose -5*j = -2*j - 96. Suppose 0 = -d - 3*d + j. Suppose -d*i = -3*i - 50. List the prime factors of i.
2, 5
Let n be (-8 + 0/(-1))*-1. Suppose -2 = -2*r + n. Suppose 5*u - 15 = r*f, -u - 3*u + 3*f + 16 = 0. What are the prime factors of u?
7
Suppose 5*d - 3*l = 53, -5*d = -4*d + 5*l - 33. What are the prime factors of (d - -1) + (-4)/2?
2, 3
Let t be 14/(-2) + 1 + -1. Let d be (-1)/2*(5 + t). Suppose 0 = 5*f - 21 + d. List the prime factors of f.
2
Let w be ((-4)/(-10))/((-1)/(-5)). Suppose w*i = 14 - 6. What are the prime factors of i?
2
Suppose -8 - 7 = -3*m. Let a be -15*(51/15 + -3). Let u = m - a. List the prime factors of u.
11
Let r(q) = -24*q**2 - 9*q. Let a be r(-7). Let b be (-8)/36 - a/27. Let d = b + -25. What are the prime factors of d?
2
Let d(y) = y**3 + 1. Let l(i) = -5*i**3 + 8*i**2 - 3*i + 2. Let o(n) = 4*d(n) + l(n). What are the prime factors of o(7)?
2, 17
Let y(b) = 4*b**3 - 1. Let p be y(1). Let m(o) = o - 2. Let d be m(p). Let a(z) = 5*z**2 + z. List the prime factors of a(d).
2, 3
Let h be 51 + 2/(0 - 2). Let c = h + -16. What are the prime factors of c?
2, 17
Let c(q) = 46*q - 22. What are the prime factors of c(4)?
2, 3
Let k = 193 - 135. List the prime factors of k.
2, 29
Let p(m) = -4*m**3 - 2*m**2 - 3*m + 8. Suppose 0 = 4*z - 1 - 3. Let w(t) = -t**3 - t**2 - t - 1. Let n(v) = z*p(v) - 3*w(v). What are the prime factors of n(0)?
11
Let g(b) = 4*b**3 + 10*b**2 + 16*b + 6. Let d(r) = 11*r**3 + 30*r**2 + 47*r + 19. Let u(v) = 3*d(v) - 8*g(v). List the prime factors of u(-8).
3, 11
Let u(h) = -1 - 12*h + 6*h + 6*h - 4*h**2. Let f be u(-1). Let a = f + 8. List the prime factors of a.
3
Suppose 0 = y - 0*p - 5*p + 14